nvert -4216 (base 7) to base 6.
-10511
What is 71a (base 12) in base 2?
10000000110
10312 (base 4) to base 15
15a
-b (base 12) to base 10
-11
What is -1561 (base 8) in base 4?
-31301
What is 101110000011 (base 2) in base 5?
43242
What is 12044 (base 5) in base 2?
1110000011
What is 5516 (base 7) in base 8?
3665
Convert -8c2 (base 13) to base 15.
-6aa
Convert -541 (base 11) to base 9.
-802
Convert 200201 (base 3) to base 11.
41a
Convert 203033 (base 4) to base 2.
100011001111
47c (base 13) to base 15
36e
What is 47611 (base 9) in base 12?
16517
Convert -1140254 (base 6) to base 11.
-40963
What is -13164 (base 9) in base 7?
-34624
What is -256 (base 11) in base 9?
-366
What is -1055 (base 6) in base 3?
-100022
Convert -101010012 (base 3) to base 7.
-30335
What is 60a (base 14) in base 12?
82a
Convert -3961 (base 10) to base 15.
-1291
What is 14241 (base 5) in base 7?
3326
Convert -247 (base 9) to base 2.
-11001101
Convert 76 (base 10) to base 11.
6a
What is -8686 (base 9) in base 6?
-45340
Convert -43340 (base 7) to base 16.
-2a38
Convert -101031002 (base 4) to base 6.
-1302122
Convert -12030 (base 7) to base 15.
-dc3
93b4 (base 15) to base 8
74763
3105 (base 7) to base 3
1111010
-89d (base 14) to base 6
-11523
What is 1213113 (base 4) in base 14?
25a7
Convert -1283 (base 14) to base 12.
-1a6b
Convert -112 (base 13) to base 8.
-270
What is 20132 (base 4) in base 9?
662
c619 (base 14) to base 4
20111033
Convert -132333 (base 4) to base 16.
-7bf
21122 (base 3) to base 8
316
11000011100 (base 2) to base 8
3034
Convert -239 (base 15) to base 8.
-770
-47b (base 12) to base 5
-10141
What is 526b (base 15) in base 7?
101543
20000 (base 3) to base 14
b8
84ea (base 16) to base 13
12645
-1440 (base 10) to base 4
-112200
What is -f1 (base 16) in base 7?
-463
What is -223322 (base 4) in base 8?
-5372
658 (base 11) to base 8
1425
Convert 175 (base 15) to base 8.
517
Convert 15001 (base 8) to base 7.
25260
What is 16353 (base 7) in base 2?
1001000100100
Convert 13e (base 16) to base 13.
1b6
Convert -1933 (base 13) to base 16.
-eb0
Convert 53 (base 8) to base 15.
2d
1611 (base 9) to base 15
56a
161455 (base 7) to base 12
16494
Convert -1010010 (base 2) to base 7.
-145
What is 1020220 (base 3) in base 13?
555
Convert 7325 (base 11) to base 3.
111022112
What is 203555 (base 6) in base 2?
100000000011111
What is -22132 (base 4) in base 5?
-10140
Convert 45a8 (base 13) to base 4.
2120223
-4522 (base 6) to base 4
-100202
What is -2a41 (base 13) in base 9?
-8368
Convert -10467 (base 9) to base 2.
-1101100100010
Convert -4bb (base 14) to base 10.
-949
What is 1232 (base 7) in base 11?
392
What is -6185 (base 9) in base 12?
-2758
Convert 4b99 (base 12) to base 8.
20645
Convert -1656 (base 7) to base 5.
-10203
Convert 24410 (base 5) to base 2.
11100111111
What is -27c (base 14) in base 6?
-2154
Convert -100111111100111 (base 2) to base 8.
-47747
What is -7a (base 13) in base 3?
-10202
What is 11207 (base 8) in base 11?
3622
What is 424225 (base 6) in base 7?
203006
-9747 (base 14) to base 5
-1314011
What is 21021 (base 3) in base 13?
121
2100220 (base 3) to base 12
bb9
3b2 (base 14) to base 15
349
-14179 (base 10) to base 9
-21404
Convert -110220 (base 3) to base 14.
-1ac
-6658 (base 9) to base 14
-1b0d
What is 89 (base 14) in base 15?
81
What is 140 (base 14) in base 10?
252
-63325 (base 8) to base 6
-321513
-2220 (base 5) to base 7
-622
9db7 (base 15) to base 10
33472
Convert 277 (base 16) to base 9.
771
34b (base 14) to base 10
655
Convert 453 (base 7) to base 5.
1414
Convert 5c43 (base 15) to base 9.
28840
Convert 43544 (base 8) to base 13.
841b
What is 1078 (base 12) in base 10?
1820
77b (base 13) to base 10
1285
Convert -4213 (base 6) to base 10.
-945
Convert 31152 (base 6) to base 5.
113142
What is -10021002 (base 3) in base 13?
-110c
-442400 (base 5) to base 4
-3233312
-8054 (base 9) to base 4
-1123321
What is -76632 (base 9) in base 5?
-3111231
Convert -2022 (base 4) to base 5.
-1023
What is 5969 (base 11) in base 16?
1e8b
What is -121011210 (base 3) in base 13?
-54a2
50431 (base 6) to base 9
10101
What is -512f (base 16) in base 6?
-240115
2447 (base 14) to base 6
45155
2302 (base 7) to base 8
1503
-323024 (base 5) to base 4
-2230012
Convert -1105 (base 6) to base 15.
-122
Convert 304210 (base 5) to base 8.
23312
What is 1b7 (base 13) in base 15?
164
What is 1513 (base 9) in base 16?
47a
7 (base 12) to base 15
7
What is 333 (base 6) in base 15?
89
Convert -10011120 (base 3) to base 7.
-6510
Convert -3842 (base 11) to base 13.
-2382
111003 (base 4) to base 16
543
What is -60d (base 16) in base 6?
-11101
What is -718 (base 11) in base 12?
-602
What is 258a (base 12) in base 10?
4282
13531 (base 14) to base 10
47671
What is -5227 (base 10) in base 7?
-21145
What is -11727 (base 9) in base 5?
-223012
What is -16383 (base 9) in base 11?
-8500
4184 (base 9) to base 5
44243
Convert -1606 (base 9) to base 7.
-3363
224454 (base 6) to base 2
100101011110010
1026b (base 15) to base 6
1032532
1057 (base 9) to base 16
30d
Convert 12252 (base 8) to base 9.
7227
What is -4032102 (base 5) in base 2?
-1111110010001100
What is 973 (base 14) in base 12?
10b5
13 (base 16) to base 7
25
Convert -9716 (base 13) to base 3.
-1001202212
Convert -352555 (base 6) to base 13.
-10b29
Convert -431 (base 8) to base 2.
-100011001
Convert -12003 (base 5) to base 6.
-4022
What is -14574 (base 10) in base 8?
-34356
Convert -2668 (base 10) to base 9.
-3584
-204344 (base 6) to base 2
-100000010101000
Convert 5445 (base 15) to base 11.
12449
273 (base 14) to base 16
1ed
What is -3993 (base 10) in base 7?
-14433
6d5 (base 14) to base 9
1774
13c3 (base 13) to base 8
5457
Convert 3739 (base 12) to base 3.
22120000
3803 (base 11) to base 15
170e
Convert 2a6 (base 12) to base 14.
218
What is -100010110 (base 2) in base 11?
-233
Convert 256 (base 7) to base 8.
213
What is 32 (base 12) in base 7?
53
-12201121 (base 3) to base 6
-31154
Convert 1111 (base 12) to base 14.
989
Convert -3110 (base 5) to base 13.
-252
-617e (base 16) to base 12
-1253a
353210 (base 6) to base 16
7746
What is 38213 (base 9) in base 12?
12a49
Convert 677 (base 16) to base 8.
3167
Convert 1010200 (base 5) to base 6.
203244
-1639b (base 14) to base 2
-1101100100110101
Convert -11315 (base 11) to base 12.
-9567
What is 1113322 (base 4) in base 5?
140001
What is 6a2 (base 12) in base 7?
2606
-1220 (base 4) to base 12
-88
-2244 (base 12) to base 8
-7324
Convert -7a2 (base 12) to base 13.
-68c
What is 3044 (base 6) in base 2?
1010100100
What is 123324 (base 7) in base 4?
11210103
Convert -5307 (base 10) to base 4.
-1102323
Convert 8a90 (base 11) to base 5.
340312
What is -4141 (base 5) in base 6?
-2310
What is 3200 (base 6) in base 15?
330
234 (base 13) to base 11
317
What is 61111 (base 7) in base 12?
869a
Convert 89 (base 12) to base 16.
69
What is -13553 (base 11) in base 2?
-100101101100001
Convert 20110 (base 4) to base 16.
214
15c6 (base 14) to base 13
1a0b
a6 (base 14) to base 15
9b
What is -3536 (base 14) in base 4?
-2100230
Convert 1100101111010 (base 2) to base 7.
25005
-14b5 (base 16) to base 10
-5301
Convert 610 (base 10) to base 16.
262
What is 4591 (base 11) in base 8?
13615
Convert 3837 (base 9) to base 13.
13c9
a7a0 (base 13) to base 7
124611
What is 5cb (base 14) in base 3?
1120221
What is -113551 (base 6) in base 4?
-2123023
Convert 1cd2 (base 16) to base 10.
7378
What is 1a9 (base 16) in base 7?
1145
Convert -322 (base 7) to base 11.
-139
What is 2100 (base 3) in base 8?
77
What is -168 (base 10) in base 14?
-c0
What is 253454 (base 6) in base 16?
594a
Convert 11000101110 (base 2) to base 11.
1209
What is 155 (base 15) in base 11?
258
-1091 (base 11) to base 15
-656
-52154 (base 6) to base 14
-278a
101011111110 (base 2) to base 16
afe
-1272 (base 11) to base 10
-1652
-230003 (base 4) to base 9
-3772
Convert 1001000110 (base 2) to base 12.
406
What is 2186 (base 14) in base 7?
22626
What is -1025 (base 11) in base 13?
-806
Convert -101003 (base 4) to base 3.
-1111102
Convert 60 (base 7) to base 6.
110
What is bc7 (base 16) in base 4?
233013
What is 10110110011011 (base 2) in base 15?
36d5
What is 310 (base 11) in base 4?
11312
-c633 (base 14) to base 4
-20111211
Convert -110011110111 (base 2) to base 10.
-3319
10